10100100011
In base 7, what is -103 - 330043434?
-330043540
In base 4, what is -2310033300 - 33?
-2310033333
In base 4, what is -2112330230 + 3210?
-2112321020
In base 14, what is 8b - 28dd7?
-28d4a
In base 8, what is 20172311 - 24?
20172265
In base 6, what is -10041552450 - 4?
-10041552454
In base 12, what is -b6 + -1b02b6?
-1b03b0
In base 2, what is -10100011010100010100010011 - 101?
-10100011010100010100011000
In base 11, what is 1 - 2035173?
-2035172
In base 9, what is 155 - 1134080?
-1133824
In base 4, what is -332022111031 + 3?
-332022111022
In base 3, what is -1 - -221201002112002?
221201002112001
In base 14, what is -d70c236 - 2?
-d70c238
In base 4, what is 10210330 + -12231?
10132033
In base 12, what is -43920 + -13?
-43933
In base 5, what is -1101130120 - 114?
-1101130234
In base 9, what is -68262 + 51?
-68211
In base 14, what is 384b + 19719?
1d166
In base 9, what is 582 + -4576?
-3884
In base 15, what is 14 + -2590c8?
-2590b4
In base 3, what is -11122221202221211201 - -1?
-11122221202221211200
In base 16, what is 192d383 + -18?
192d36b
In base 6, what is 443545 - -25?
444014
In base 9, what is 3 - 323523461?
-323523457
In base 12, what is -9a08246 + 3?
-9a08243
In base 4, what is -11 - -103320233033?
103320233022
In base 3, what is 20020 - -221111101?
221201121
In base 6, what is -142230 - -123132?
-15054
In base 12, what is 2 - -13b4968?
13b496a
In base 14, what is -113 - -8b538?
8b425
In base 5, what is -1234311 + -31004?
-1320320
In base 3, what is 20100 + -1010222012001?
-1010221221201
In base 7, what is 1150 + -651306?
-650126
In base 2, what is 10101 + -1011011101001?
-1011011010100
In base 8, what is 315577 - 1127?
314450
In base 8, what is 1 - -5032472?
5032473
In base 2, what is -1 + 100011011111101000101111?
100011011111101000101110
In base 12, what is 23159a6 - 1?
23159a5
In base 12, what is -a7 - 11744?
-1182b
In base 13, what is 72 + 21690?
21732
In base 5, what is 4 - 42430334024?
-42430334020
In base 8, what is -4035416 - -10?
-4035406
In base 2, what is -1 - 110110000111110010001010?
-110110000111110010001011
In base 9, what is 1428537 + 254?
1428802
In base 14, what is -15144 - -1b45?
-133dd
In base 2, what is 11100100011100 + -10000001100?
11010100010000
In base 8, what is -4227 - -2010?
-2217
In base 10, what is -3 - 3130741?
-3130744
In base 13, what is 4 - -53c348?
53c34c
In base 5, what is 2 + 4323132102?
4323132104
In base 15, what is 4b - -8996e?
899ba
In base 3, what is -2 + -211111102100121?
-211111102100200
In base 11, what is -1 - 9371184?
-9371185
In base 13, what is -10ba6 + 87?
-10b1c
In base 3, what is 1022021222102202 - -11?
1022021222102220
In base 11, what is 222 + 48aa43?
490165
In base 11, what is -1 + -45205175?
-45205176
In base 5, what is 4 + -403333134?
-403333130
In base 10, what is 3179 - 2189?
990
In base 8, what is -1265 - 11461?
-12746
In base 11, what is 13822 - -4685?
183a7
In base 3, what is -2001210220000022 - -11?
-2001210220000011
In base 15, what is 0 - -d78203?
d78203
In base 2, what is 1011 - -1101110100000111111011010?
1101110100000111111100101
In base 3, what is -20012100222002102 + -10?
-20012100222002112
In base 9, what is -20 + 240262?
240242
In base 16, what is 618da23 + 0?
618da23
In base 12, what is 88a1 + -330?
8571
In base 4, what is -13 - -1101303201203?
1101303201130
In base 6, what is 102320041 + 141?
102320222
In base 13, what is 2a8 - 9c59?
-9981
In base 8, what is 13077305 - 15?
13077270
In base 3, what is 12 + 121211102101?
121211102120
In base 8, what is 6 + -2165522?
-2165514
In base 9, what is 1280025 - -26?
1280052
In base 5, what is 1103 - 12030341?
-12024233
In base 12, what is -12320 + -b8?
-12418
In base 7, what is 2 - -25544541?
25544543
In base 11, what is -8a25301 - 29?
-8a2532a
In base 11, what is -973289a7 - 5?
-97328a01
In base 10, what is 1423 + -13183?
-11760
In base 3, what is -12 + 21111201121000110?
21111201121000021
In base 16, what is 7f4a5f - 5?
7f4a5a
In base 12, what is 7b + 908329?
9083a8
In base 7, what is 100036 + -2640?
64066
In base 4, what is -12320 - 2030030?
-2103010
In base 5, what is -3303 - -120414124?
120410321
In base 4, what is 3013 + 200033?
203112
In base 2, what is 101010110101110100 + 1101?
101010110110000001
In base 2, what is -101110110111 - 1001010001?
-111000001000
In base 12, what is -948 + 118a7?
10b5b
In base 3, what is -2022 + -10210211020010?
-10210211022102
In base 9, what is 1204281 + 22?
1204313
In base 15, what is b0 + 72869?
72929
In base 4, what is -30 - 1120313121202?
-1120313121232
In base 5, what is -11343341 + 20432?
-11322404
In base 6, what is -2020042334 - 1?
-2020042335
In base 9, what is 4 + -602381671?
-602381666
In base 13, what is 14a489 - 23a?
14a24c
In base 12, what is 1339 + -1304b?
-11912
In base 12, what is -1a + b68b9b5?
b68b997
In base 3, what is -1200121101 - -110212010?
-1012202021
In base 15, what is b1aad + -4?
b1aa9
In base 9, what is 2435 - -65337?
67773
In base 11, what is -13a02602 + -1?
-13a02603
In base 9, what is -4800184 + 11?
-4800173
In base 13, what is 316049a - -48?
3160515
In base 10, what is 283 + -51440?
-51157
In base 11, what is 17 + -93956?
-9393a
In base 15, what is d - 86c62d?
-86c620
In base 2, what is 100111101 - -100011110100?
101000110001
In base 13, what is -6320696 - 4?
-632069a
In base 2, what is -100101111111 + 11001100001?
-1100011110
In base 6, what is 22452025305 - -4?
22452025313
In base 3, what is -221020010022020 + -10?
-221020010022100
In base 15, what is -3 + d9b40b7?
d9b40b4
In base 3, what is 20001021211120 + -1202?
20001021202211
In base 6, what is -131 + 2542041?
2541510
In base 7, what is 20 - -2110423?
2110443
In base 8, what is 1076054 - 7?
1076045
In base 7, what is -2 - -2125513263?
2125513261
In base 2, what is -100 + -1100001110110111101100?
-1100001110110111110000
In base 8, what is 3156344 + 356?
3156722
In base 13, what is -85c31 - 17a?
-860ab
In base 3, what is -2122211 + -110200200?
-120100111
In base 16, what is -2b + bb280?
bb255
In base 16, what is bc - -73133?
731ef
In base 3, what is -1000022100022 + -12201?
-1000022120000
In base 16, what is 2 + 976068?
97606a
In base 2, what is -101000000111101100101111 - 110?
-101000000111101100110101
In base 4, what is -11320032113 - 111?
-11320032230
In base 10, what is -140242 - 47?
-140289
In base 16, what is 1a22 - -433c?
5d5e
In base 16, what is -459d2 - -2a?
-459a8
In base 15, what is 855 + 4d6?
d3b
In base 13, what is 44a + -20513?
-20096
In base 14, what is -1901 - 78d?
-2290
In base 13, what is -1 + -4c914?
-4c915
In base 6, what is -1 - -44141101?
44141100
In base 2, what is 101100110111011000001 - -101011?
101100110111011101100
In base 9, what is 1405 + 1252081?
1253486
In base 9, what is -5025 - -3131?
-1784
In base 16, what is 932 + 1af68?
1b89a
In base 12, what is -4 - 10293b33?
-10293b37
In base 5, what is -4 + 30023021441?
30023021432
In base 8, what is 141376 - 236?
141140
In base 6, what is 314 - 43415331?
-43415013
In base 4, what is -20232121300200 - 10?
-20232121300210
In base 3, what is 211111121212 - -210001?
211112101220
In base 13, what is -65 - 1212b6?
-12134b
In base 9, what is -5 + 2274437?
2274432
In base 13, what is -ac1 + -420?
-1211
In base 9, what is 235 + -5404?
-5158
In base 10, what is -69 + -11988?
-12057
In base 3, what is -1001020120 - -21202221?
-202110122
In base 3, what is 1102212 + -10120011?
-2010022
In base 8, what is 1153451442 - -6?
1153451450
In base 4, what is 3113010 - -3232222?
13011232
In base 11, what is 5398a65 - 3?
5398a62
In base 7, what is 4413 + -2440?
1643
In base 5, what is -104404432340 + 10?
-104404432330
In base 7, what is 6 + -1630513?
-1630504
In base 4, what is -23012200003 - -3?
-23012200000
In base 8, what is -3 - 32224262?
-32224265
In base 14, what is -ab92 - 1c7a?
-ca2c
In base 8, what is 2 + -5213164?
-5213162
In base 2, what is 110010010000 + -111000011011010?
-110010001001010
In base 15, what is -105cd85 - -2?
-105cd83
In base 10, what is -3234 + -2294?
-5528
In base 11, what is 9674440a - 4?
96744406
In base 2, what is 0 + -1101100101000011100001101?
-1101100101000011100001101
In base 9, what is 1058137 + -17?
1058120
In base 10, what is -558 + 13230?
12672
In base 16, what is 27c - 3f6b?
-3cef
In base 16, what